9) + 2/b. Suppose k = 4*o - l - 55, 25 = o - l + 3*l. What is the units digit of o?
5
Suppose 5*n = 4*m + 119, -n + 23 = -0*m - m. What is the tens digit of n?
2
What is the units digit of (-2976)/(-20) + 8/(-10)?
8
Let p(v) = -6*v**3 + 3*v**2 - v. Let h(r) = 5*r**3 - 2*r**2 + r - 1. Let z(q) = -7*h(q) - 6*p(q). What is the units digit of z(4)?
3
Let j = 383 - 227. What is the hundreds digit of j?
1
Suppose -3*s - 3 = -f + 8, -5*f - 4*s - 21 = 0. What is the units digit of 28*(f + 9/6)?
4
Let b(o) = 25*o**3 + 4*o**2 - 2*o - 5. What is the hundreds digit of b(2)?
2
Suppose 4*k = -5*u + 2*k + 759, 2*u = -3*k + 297. What is the tens digit of u?
5
Suppose -5*g + 6 = -4*g. Let f(d) = 17*d**2 - 1. Let x be f(1). What is the units digit of x/6*g/4?
4
Suppose 0 = -5*a + 4*v + 706, -4*a + 570 = -2*v + 4*v. What is the hundreds digit of a?
1
Suppose 5*f - 13 = 77. What is the units digit of f?
8
Let l(a) = -18*a - 1. Let g be l(1). Let p = 31 + g. What is the tens digit of p?
1
Let w be (-475)/30 - (-1)/(-6). Let q = w + 10. What is the units digit of 3/q - (-9)/2?
4
Let p = -2 + 3. Let g be (-2)/3*(-3)/p. What is the units digit of 4/(-8) - (-31)/g?
5
Suppose 5*w - 17 = -7. What is the units digit of w?
2
Suppose -5*f + 0*f = 145. Let c = 66 + f. What is the units digit of c?
7
Let p(y) = -y - 4. Let z be p(-4). Suppose z = 5*x - x + 4*s - 28, -1 = -x + 2*s. What is the units digit of x?
5
Let u = 72 - 108. Let t = -16 - u. What is the units digit of t?
0
Suppose 2*d = -4*v + 28, 4*v + 18 = 5*d - 24. Suppose -d = i - 2*i. Suppose -4 = -2*h + i. What is the units digit of h?
7
Suppose -l + 3*w + 25 = 0, -2*l + 21 = -2*w - 37. What is the units digit of l?
1
Let v(f) = 5*f - 9 - f - 5*f. Let g be v(-10). What is the units digit of 4/2 + g*2?
4
Suppose r + 1 - 3 = 0. Let t = r + -5. What is the units digit of -4*(-1 - (-1 - t))?
2
Suppose 0 = 2*t + 2*a - 7*a + 12, -4 = -a. Let w be (t/(-6))/((-8)/24). Suppose w*u - 20 = -3*u. What is the units digit of u?
4
Suppose -s = 3*s - 24. Suppose -7*d = -2*d - 15. Suppose -s*h + 4*h + 35 = d*p, 5*p - 5 = 0. What is the tens digit of h?
1
Suppose -64 + 320 = 2*j. What is the tens digit of j?
2
Let v = -1 - -5. What is the units digit of v?
4
Suppose -8 = -j - 0*w + 3*w, -3*j + 3*w + 12 = 0. What is the units digit of (9/j - 3)*4?
6
Let c be 114/9 + (-4)/6. Let q(r) = 2*r - 14. What is the units digit of q(c)?
0
Let w = -6 + 9. What is the units digit of 495/12 - w/12?
1
Suppose -3*v - 3 = -4*v. Suppose v*c + 3 = 84. What is the tens digit of c?
2
Let c(m) = -2*m - 11. Let o be c(-8). Suppose 12 - 2 = o*b. What is the units digit of b?
2
Suppose 0 = 4*p - 366 + 126. Suppose 4*f + 2*r = -2*r + p, 2*r + 40 = 3*f. What is the units digit of f?
4
What is the tens digit of (1*6/(-18))/(2/(-750))?
2
Let w be (34 + -1)/(3/2). Suppose -a - 3*k + w = 0, a + 4*a = -3*k + 62. What is the units digit of a?
0
Let s be (1 - (-1 + -1))*1. What is the units digit of 1/(-3)*(-9)/s?
1
Suppose -f = 8 - 1. Let x = 8 + f. What is the units digit of x?
1
Suppose 10*u - 12*u + 454 = 0. What is the units digit of u?
7
Let o = -176 + 259. What is the units digit of o?
3
Suppose -2*l - 3*l - 144 = -2*p, 2*l + 2*p + 52 = 0. Let r = 8 - l. What is the units digit of r?
6
Let i(m) be the second derivative of 7*m**3/6 + 3*m**2/2 + 3*m. Let h(d) = 6*d + 3. Let n(r) = -6*h(r) + 5*i(r). What is the units digit of n(-6)?
3
Suppose -7*g + 272 = -5*g. What is the units digit of g?
6
Let f be (-6)/(-24) - 15/(-4). Suppose 0 = f*o - o - 6. What is the units digit of o?
2
Let b(l) = 2*l**2 - 8*l - 15. Let u be b(8). Let g = u - 26. What is the tens digit of g?
2
Let z(m) = -m - 4. Let f be z(-5). Let x = 5 - f. What is the units digit of x?
4
Let g(s) = -s**2 + 6*s. Let i be g(6). Suppose 10 = -2*k + 4*k. Suppose i*m + 75 = k*m. What is the tens digit of m?
1
Suppose -f - 4*y + 20 - 2 = 0, 0 = 5*y - 20. Suppose f*o - 40 = -3*b, 2*o + 3*o + b = 74. What is the tens digit of o?
1
Let t(k) = k + 4. Let z be t(-5). What is the units digit of z - (-2 - -6 - 25)?
0
Suppose 5*w - h - 4 = 0, -20 = -h + 6*h. Let l = w - -3. What is the tens digit of 18/(l + -2) + -2?
1
Let k(y) = y + 10. Suppose 2*a + 2*a = 0. Let b be k(a). What is the units digit of -3 + 2 - (4 - b)?
5
Let l(d) = 31*d**2 + 1. Let a be l(-1). Suppose -a = 2*p - 6*p. What is the units digit of p?
8
Let d(j) = j**2 + 5*j + 27. What is the hundreds digit of d(9)?
1
Let r be 2/(-8) + 172/(-16). Let z(h) = h**3 + 12*h**2 + 11*h + 15. What is the tens digit of z(r)?
1
Let w(l) = -2*l + 5. Let n(z) = z - 2. Let p(g) = 13*n(g) + 6*w(g). What is the units digit of p(-3)?
1
Let s(u) = u**3 - u**2 + 5*u. What is the tens digit of s(3)?
3
Suppose -8*g = -13*g + 940. What is the hundreds digit of g?
1
Suppose a - 1 - 7 = 0. What is the units digit of -1*17*(-8)/a?
7
Suppose 25 - 1 = 4*u. Suppose u*i = 2*i + 60. What is the units digit of i?
5
Let h = 32 - 62. Let z be ((-6)/5)/(9/h). What is the units digit of z/20 + (-58)/(-10)?
6
Let s be (-3)/(-2) - (-3)/(-6). Suppose -j - s = 0, -3 = -0*h + h + 5*j. Let o = h + 2. What is the units digit of o?
4
Let i = 16 + -3. Let b = -9 + i. Suppose 5*v = b*v + 6. What is the units digit of v?
6
Suppose o - 87 + 16 = 0. What is the units digit of o?
1
Suppose 16*v - 15*v = 62. What is the tens digit of v?
6
Let l(d) = 17*d - 8. Let z be l(5). What is the units digit of (-14)/z - 90/(-11)?
8
Suppose -2*t = -12 - 6. What is the units digit of t?
9
Suppose 325 = -27*g + 32*g. What is the tens digit of g?
6
Let u be (-1)/(((-8)/(-18))/(-4)). Let o = u - 6. Suppose 13 = o*f - 5. What is the units digit of f?
6
Let m(z) = -z**3 + 6*z**2 + 9*z - 1. Let t(x) = -x**2 - 8*x - 5. Let b be t(-8). Let d be ((-7)/4)/(b/20). What is the units digit of m(d)?
3
Let z(g) = -g**3 + 4*g + 3. What is the units digit of z(-2)?
3
Let q = -32 - -58. Suppose -5*o + g = -2*o - q, -3*o - 5*g = -50. What is the tens digit of o?
1
Suppose -2*v + 3*a + 164 = 0, 247 = 3*v + a - 5*a. What is the tens digit of v?
8
Suppose -4*d - 5*x + 84 = 0, 100 = 5*d - x - 5. Let o = 40 - d. What is the units digit of o?
9
Suppose 2*u - 21 = -5. Let k be 5/2*u/5. Suppose 2*d - k*d = -16. What is the units digit of d?
8
Suppose 365 + 58 = 9*h. What is the tens digit of h?
4
Suppose -u - 2*s + 12 = -2*u, -3*u - 4*s - 46 = 0. What is the units digit of (-558)/(-42) + 4/u?
3
Suppose 3*p - 30 = -5*v, -4*p - 3*v + 11 = -6*v. Suppose -2*n + 9 = -l, 0*n = -n + p*l - 9. Suppose -20 = y - n*y. What is the units digit of y?
4
Suppose 2*u + 4*f - 346 = 0, -5*f = 7*u - 5*u - 341. What is the units digit of u?
3
Let k(c) = c**2 - c - 17. Let y be k(0). Let s = -2 - y. What is the tens digit of s?
1
Let m(n) = -n**3 - 9*n**2 + 10*n + 5. Let r be m(-10). Let u = r - 2. Suppose -u*g = -5*z - 21, 2*g + 2*z = -2*z + 14. What is the units digit of g?
7
Let i(g) = g**2 + 20. Let n(b) = -b**2 - 6*b - 6. Let l be n(-4). Suppose -l*t - 20 = -6*t, 3*c - 4*t = -20. What is the tens digit of i(c)?
2
Let h be (-34)/10 - 4/(-10). Let z = 3 + h. Suppose -f = -2, s - 3*f = 1 - z. What is the units digit of s?
7
Suppose 4*z + 4*x + 40 = 0, 3 = -2*x - 5. What is the tens digit of z/12*(-29 + 1)?
1
Let x = 4 + -5. Let o be 7 - (-1 - -2 - x). Suppose 5*g = -4*j - 11, -17 = -5*g + o*j - 2*j. What is the units digit of g?
1
Let s be (33/6)/(2/12). Suppose -5*q + 3*l - 2*l = -55, 0 = -3*q + 5*l + s. Let k = q - 5. What is the units digit of k?
6
Suppose -38 = -3*s + 5*k, 3 = -2*s + 5*k + 35. Let z = s - 8. Let l(j) = -j**3 - j**2 - j - 1. What is the units digit of l(z)?
5
Let j(a) = -14*a - 1. Suppose -b = -1 - 3. Suppose -b*i + 3 = 7. What is the units digit of j(i)?
3
Let h = 8 - 3. Suppose 3*r - 12 = h*r. Let b = r + 7. What is the units digit of b?
1
Suppose 3 = -0*p - p. Let g(c) = -2*c**3 - 4*c**2 - 2*c - 3. Let y be g(p). Let f = y - 14. What is the units digit of f?
7
Let n(v) = v**2 + 8*v + 2. Let r be n(-9). Let b(p) be the third derivative of p**5/60 - 11*p**4/24 + p**3/2 - 3*p**2. What is the units digit of b(r)?
3
Let o be 5/(-10)*(0 + 0). Suppose 4*p - a + 33 - 10 = o, 4*p = -2*a - 38. Let u(x) = x**3 + 6*x**2 - 7*x + 5. What is the units digit of u(p)?
5
Let l(n) = 0 + 3 - 3 + 6*n + 4. Let t be l(3). Suppose 2*h - 4*b = -0*b + 20,